{"id":229,"date":"2020-08-27T10:25:38","date_gmt":"2020-08-27T08:25:38","guid":{"rendered":"https:\/\/www.santaeulariaculturaijoventut.com\/?page_id=229"},"modified":"2020-08-31T17:36:30","modified_gmt":"2020-08-31T15:36:30","slug":"politica-de-privacitat","status":"publish","type":"page","link":"https:\/\/santaeulariaculturaijoventut.com\/ca\/politica-de-privacitat\/","title":{"rendered":"Pol\u00edtica de privacitat"},"content":{"rendered":"\r\n\t<p><strong>POL\u00cdTICA DE PRIVACIDAD<\/strong><\/p>\r\n<p>\u00daltima modificaci\u00f3n: febrero 2018<\/p>\r\n<p>Esta pol\u00edtica de privacidad se aplica a la web www.santaeulariaculturaijoventut.com<\/p>\r\n<p>Por favor, l\u00e9ala detenidamente. En ella encontrar\u00e1 informaci\u00f3n importante sobre el tratamiento de sus datos personales y los derechos que le reconoce la normativa vigente en la materia.<br \/>Nos reservamos el derecho de actualizar nuestra pol\u00edtica de privacidad en cualquier momento con motivo de decisiones empresariales, as\u00ed como para cumplir con eventuales cambios legislativos o jurisprudenciales. Si tiene dudas o necesita cualquier aclaraci\u00f3n respecto a nuestra Pol\u00edtica de privacidad o a sus derechos, puede contactar con nosotros a trav\u00e9s de los canales que se indican m\u00e1s abajo.<br \/>Ud. manifiesta que los datos que nos facilite, ahora o en el futuro, son correctos y veraces y se compromete a comunicarnos cualquier modificaci\u00f3n de los mismos. En caso de proporcionar datos de car\u00e1cter personal de terceros, se compromete a obtener el consentimiento previo de los afectados y a informarles acerca del contenido de esta pol\u00edtica.<br \/>De manera general, los campos de nuestros formularios que son se\u00f1alados como obligatorios, deber\u00e1n necesariamente ser cumplimentados para poder tramitar sus solicitudes.<\/p>\r\n<p><strong>1. \u00bfQui\u00e9n es el responsable del tratamiento de sus datos?<\/strong> El responsable del tratamiento de los datos personales recogidos en esta web es:<br \/>Responsable: AJUNTAMENT DE SANTA EUL\u00c0RIA DES RIU<br \/>Direcci\u00f3n postal: Plaza de Espa\u00f1a n\u00ba 1, 07840 \u2013 Santa Eul\u00e0ria des Riu (Illes Balears), Espa\u00f1a<br \/>Tel\u00e9fono: +34 971 33 07 28<br \/>Email: cultura@santaeularia.com<\/p>\r\n<p>Contacto Delegado de Protecci\u00f3n de Datos:<\/p>\r\n<p><strong>2. \u00bfPara qu\u00e9 trataremos sus datos?<\/strong> Los datos de nuestros usuarios ser\u00e1n tratados para la gesti\u00f3n de la relaci\u00f3n con ellos, la atenci\u00f3n a sus solicitudes y consultas, la administraci\u00f3n y la gesti\u00f3n de la seguridad de la web y el cumplimiento de nuestras obligaciones legales. Dichos datos ser\u00e1n igualmente tratados para fines de anal\u00edticas y de mejora de la calidad de nuestros servicios.<\/p>\r\n<p><strong>3. \u00bfCu\u00e1nto tiempo conservaremos sus datos?<\/strong> De manera general cancelaremos sus datos cuando hayan dejado de ser necesarios o pertinentes para las finalidades para las cuales fueron recabados, en todo caso, ser\u00e1n conservados durante los plazos previstos en las disposiciones legales aplicables y durante el tiempo necesario para atender a posibles responsabilidades nacidas del tratamiento. Se cancelar\u00e1 la informaci\u00f3n relacionada con la navegaci\u00f3n, una vez finalizada la conexi\u00f3n web y realizadas las eventuales estad\u00edsticas.<\/p>\r\n<p><strong>4. \u00bfA qui\u00e9n podemos comunicar sus datos?<\/strong> Sus datos s\u00f3lo ser\u00e1n comunicados a terceros por obligaci\u00f3n legal, con su consentimiento o cuando su petici\u00f3n implique tal comunicaci\u00f3n.<\/p>\r\n<p><strong>5. Base jur\u00eddica de los tratamientos.<\/strong> La base jur\u00eddica para el tratamiento de sus datos personales es el correcto desarrollo de funciones p\u00fablicas, la gesti\u00f3n de la relaci\u00f3n con usuarios, el cumplimiento de nuestras obligaciones legales, as\u00ed como nuestro inter\u00e9s leg\u00edtimo en gestionar la seguridad y la calidad de la web.<\/p>\r\n<p><strong>6. \u00bfCu\u00e1les son sus derechos?<\/strong> Tiene derecho a obtener confirmaci\u00f3n de si estamos tratando o no sus datos personales y, en tal caso, acceder a los mismos. Puede igualmente pedir que sus datos sean rectificados cuando sean inexactos o a que se completen los datos que sean incompletos, as\u00ed como solicitar su supresi\u00f3n cuando, entre otros motivos, los datos ya no sean necesarios para los fines para los que fueron recogidos.<br \/>En determinadas circunstancias, podr\u00e1 solicitar la limitaci\u00f3n del tratamiento de sus datos. En tal caso, s\u00f3lo trataremos los datos afectados para la formulaci\u00f3n, el ejercicio o la defensa de reclamaciones o con miras a la protecci\u00f3n de los derechos de otras personas. En determinadas condiciones y por motivos relacionados con su situaci\u00f3n particular, podr\u00e1 igualmente oponerse al tratamiento de sus datos. En este caso, dejaremos de tratar los datos salvo por motivos leg\u00edtimos imperiosos que prevalezcan sobre sus intereses o derechos y libertades, o para la formulaci\u00f3n, el ejercicio o la defensa de reclamaciones. As\u00ed mismo y bajo ciertas condiciones podr\u00e1 solicitar la portabilidad de sus datos para que sean transmitidos a otro responsable del tratamiento.<\/p>\r\n<p>Puede revocar el consentimiento que hubiese prestado para determinadas finalidades, sin que ello afecte a la licitud del tratamiento basado en el consentimiento previo a su retirada, y presentar una reclamaci\u00f3n ante la Agencia Espa\u00f1ola de Protecci\u00f3n de Datos.<br \/>Para ejercer sus derechos deber\u00e1 remitirnos una solicitud acompa\u00f1ada de una copia de su documento nacional de identidad u otro documento v\u00e1lido que le identifique por correo postal o electr\u00f3nico a las direcciones indicadas en el apartado \u00bfQui\u00e9n es el responsable del tratamiento de sus datos?<br \/>Podr\u00e1 obtener m\u00e1s informaci\u00f3n sobre sus derechos y c\u00f3mo ejercerlos en la p\u00e1gina de la Agencia Espa\u00f1ola de Protecci\u00f3n de Datos en http:\/\/www.agpd.es.<\/p>\r\n","protected":false},"excerpt":{"rendered":"<p>POL\u00cdTICA DE PRIVACIDAD \u00daltima modificaci\u00f3n: febrero 2018 Esta pol\u00edtica de privacidad se aplica a la web www.santaeulariaculturaijoventut.com Por favor, l\u00e9ala detenidamente. En ella encontrar\u00e1 informaci\u00f3n importante sobre el tratamiento de sus datos personales y los derechos que le reconoce la normativa vigente en la materia.Nos reservamos el derecho de actualizar nuestra pol\u00edtica de privacidad en&hellip;<\/p>\n","protected":false},"author":1,"featured_media":0,"parent":0,"menu_order":0,"comment_status":"closed","ping_status":"closed","template":"","meta":{"footnotes":""},"categories":[],"tags":[],"folder":[29],"yoast_head":"<!-- This site is optimized with the Yoast SEO plugin v23.9 - https:\/\/yoast.com\/wordpress\/plugins\/seo\/ -->\n<title>Pol\u00edtica de privacitat - Cultura i Joventut, Santa Eul\u00e0ria des Riu<\/title>\n<meta name=\"robots\" content=\"index, follow, max-snippet:-1, max-image-preview:large, max-video-preview:-1\" \/>\n<link rel=\"canonical\" href=\"https:\/\/santaeulariaculturaijoventut.com\/ca\/politica-de-privacitat\/\" \/>\n<meta property=\"og:locale\" content=\"ca_ES\" \/>\n<meta property=\"og:type\" content=\"article\" \/>\n<meta property=\"og:title\" content=\"Pol\u00edtica de privacitat - Cultura i Joventut, Santa Eul\u00e0ria des Riu\" \/>\n<meta property=\"og:description\" content=\"POL\u00cdTICA DE PRIVACIDAD \u00daltima modificaci\u00f3n: febrero 2018 Esta pol\u00edtica de privacidad se aplica a la web www.santaeulariaculturaijoventut.com Por favor, l\u00e9ala detenidamente. En ella encontrar\u00e1 informaci\u00f3n importante sobre el tratamiento de sus datos personales y los derechos que le reconoce la normativa vigente en la materia.Nos reservamos el derecho de actualizar nuestra pol\u00edtica de privacidad en&hellip;\" \/>\n<meta property=\"og:url\" content=\"https:\/\/santaeulariaculturaijoventut.com\/ca\/politica-de-privacitat\/\" \/>\n<meta property=\"og:site_name\" content=\"Cultura i Joventut, Santa Eul\u00e0ria des Riu\" \/>\n<meta property=\"article:modified_time\" content=\"2020-08-31T15:36:30+00:00\" \/>\n<meta name=\"twitter:card\" content=\"summary_large_image\" \/>\n<meta name=\"twitter:label1\" content=\"Temps estimat de lectura\" \/>\n\t<meta name=\"twitter:data1\" content=\"4 minuts\" \/>\n<script type=\"application\/ld+json\" class=\"yoast-schema-graph\">{\"@context\":\"https:\/\/schema.org\",\"@graph\":[{\"@type\":\"WebPage\",\"@id\":\"https:\/\/santaeulariaculturaijoventut.com\/ca\/politica-de-privacitat\/\",\"url\":\"https:\/\/santaeulariaculturaijoventut.com\/ca\/politica-de-privacitat\/\",\"name\":\"Pol\u00edtica de privacitat - Cultura i Joventut, Santa Eul\u00e0ria des Riu\",\"isPartOf\":{\"@id\":\"https:\/\/santaeulariaculturaijoventut.com\/ca\/#website\"},\"datePublished\":\"2020-08-27T08:25:38+00:00\",\"dateModified\":\"2020-08-31T15:36:30+00:00\",\"breadcrumb\":{\"@id\":\"https:\/\/santaeulariaculturaijoventut.com\/ca\/politica-de-privacitat\/#breadcrumb\"},\"inLanguage\":\"ca\",\"potentialAction\":[{\"@type\":\"ReadAction\",\"target\":[\"https:\/\/santaeulariaculturaijoventut.com\/ca\/politica-de-privacitat\/\"]}]},{\"@type\":\"BreadcrumbList\",\"@id\":\"https:\/\/santaeulariaculturaijoventut.com\/ca\/politica-de-privacitat\/#breadcrumb\",\"itemListElement\":[{\"@type\":\"ListItem\",\"position\":1,\"name\":\"Inici\",\"item\":\"https:\/\/santaeulariaculturaijoventut.com\/ca\/escoles-estiu\/informacio-escoles-destiu\/\"},{\"@type\":\"ListItem\",\"position\":2,\"name\":\"Pol\u00edtica de privacitat\"}]},{\"@type\":\"WebSite\",\"@id\":\"https:\/\/santaeulariaculturaijoventut.com\/ca\/#website\",\"url\":\"https:\/\/santaeulariaculturaijoventut.com\/ca\/\",\"name\":\"Cultura i Joventut, Santa Eul\u00e0ria des Riu\",\"description\":\"Cultura i Joventut, Santa Eul\u00e0ria des Riu\",\"potentialAction\":[{\"@type\":\"SearchAction\",\"target\":{\"@type\":\"EntryPoint\",\"urlTemplate\":\"https:\/\/santaeulariaculturaijoventut.com\/ca\/?s={search_term_string}\"},\"query-input\":{\"@type\":\"PropertyValueSpecification\",\"valueRequired\":true,\"valueName\":\"search_term_string\"}}],\"inLanguage\":\"ca\"}]}<\/script>\n<!-- \/ Yoast SEO plugin. -->","yoast_head_json":{"title":"Pol\u00edtica de privacitat - Cultura i Joventut, Santa Eul\u00e0ria des Riu","robots":{"index":"index","follow":"follow","max-snippet":"max-snippet:-1","max-image-preview":"max-image-preview:large","max-video-preview":"max-video-preview:-1"},"canonical":"https:\/\/santaeulariaculturaijoventut.com\/ca\/politica-de-privacitat\/","og_locale":"ca_ES","og_type":"article","og_title":"Pol\u00edtica de privacitat - Cultura i Joventut, Santa Eul\u00e0ria des Riu","og_description":"POL\u00cdTICA DE PRIVACIDAD \u00daltima modificaci\u00f3n: febrero 2018 Esta pol\u00edtica de privacidad se aplica a la web www.santaeulariaculturaijoventut.com Por favor, l\u00e9ala detenidamente. En ella encontrar\u00e1 informaci\u00f3n importante sobre el tratamiento de sus datos personales y los derechos que le reconoce la normativa vigente en la materia.Nos reservamos el derecho de actualizar nuestra pol\u00edtica de privacidad en&hellip;","og_url":"https:\/\/santaeulariaculturaijoventut.com\/ca\/politica-de-privacitat\/","og_site_name":"Cultura i Joventut, Santa Eul\u00e0ria des Riu","article_modified_time":"2020-08-31T15:36:30+00:00","twitter_card":"summary_large_image","twitter_misc":{"Temps estimat de lectura":"4 minuts"},"schema":{"@context":"https:\/\/schema.org","@graph":[{"@type":"WebPage","@id":"https:\/\/santaeulariaculturaijoventut.com\/ca\/politica-de-privacitat\/","url":"https:\/\/santaeulariaculturaijoventut.com\/ca\/politica-de-privacitat\/","name":"Pol\u00edtica de privacitat - Cultura i Joventut, Santa Eul\u00e0ria des Riu","isPartOf":{"@id":"https:\/\/santaeulariaculturaijoventut.com\/ca\/#website"},"datePublished":"2020-08-27T08:25:38+00:00","dateModified":"2020-08-31T15:36:30+00:00","breadcrumb":{"@id":"https:\/\/santaeulariaculturaijoventut.com\/ca\/politica-de-privacitat\/#breadcrumb"},"inLanguage":"ca","potentialAction":[{"@type":"ReadAction","target":["https:\/\/santaeulariaculturaijoventut.com\/ca\/politica-de-privacitat\/"]}]},{"@type":"BreadcrumbList","@id":"https:\/\/santaeulariaculturaijoventut.com\/ca\/politica-de-privacitat\/#breadcrumb","itemListElement":[{"@type":"ListItem","position":1,"name":"Inici","item":"https:\/\/santaeulariaculturaijoventut.com\/ca\/escoles-estiu\/informacio-escoles-destiu\/"},{"@type":"ListItem","position":2,"name":"Pol\u00edtica de privacitat"}]},{"@type":"WebSite","@id":"https:\/\/santaeulariaculturaijoventut.com\/ca\/#website","url":"https:\/\/santaeulariaculturaijoventut.com\/ca\/","name":"Cultura i Joventut, Santa Eul\u00e0ria des Riu","description":"Cultura i Joventut, Santa Eul\u00e0ria des Riu","potentialAction":[{"@type":"SearchAction","target":{"@type":"EntryPoint","urlTemplate":"https:\/\/santaeulariaculturaijoventut.com\/ca\/?s={search_term_string}"},"query-input":{"@type":"PropertyValueSpecification","valueRequired":true,"valueName":"search_term_string"}}],"inLanguage":"ca"}]}},"_links":{"self":[{"href":"https:\/\/santaeulariaculturaijoventut.com\/ca\/wp-json\/wp\/v2\/pages\/229"}],"collection":[{"href":"https:\/\/santaeulariaculturaijoventut.com\/ca\/wp-json\/wp\/v2\/pages"}],"about":[{"href":"https:\/\/santaeulariaculturaijoventut.com\/ca\/wp-json\/wp\/v2\/types\/page"}],"author":[{"embeddable":true,"href":"https:\/\/santaeulariaculturaijoventut.com\/ca\/wp-json\/wp\/v2\/users\/1"}],"replies":[{"embeddable":true,"href":"https:\/\/santaeulariaculturaijoventut.com\/ca\/wp-json\/wp\/v2\/comments?post=229"}],"version-history":[{"count":0,"href":"https:\/\/santaeulariaculturaijoventut.com\/ca\/wp-json\/wp\/v2\/pages\/229\/revisions"}],"wp:attachment":[{"href":"https:\/\/santaeulariaculturaijoventut.com\/ca\/wp-json\/wp\/v2\/media?parent=229"}],"wp:term":[{"taxonomy":"category","embeddable":true,"href":"https:\/\/santaeulariaculturaijoventut.com\/ca\/wp-json\/wp\/v2\/categories?post=229"},{"taxonomy":"post_tag","embeddable":true,"href":"https:\/\/santaeulariaculturaijoventut.com\/ca\/wp-json\/wp\/v2\/tags?post=229"},{"taxonomy":"folder","embeddable":true,"href":"https:\/\/santaeulariaculturaijoventut.com\/ca\/wp-json\/wp\/v2\/folder?post=229"}],"curies":[{"name":"wp","href":"https:\/\/api.w.org\/{rel}","templated":true}]}}

Política de privacitat

<p><strong>POLÍTICA DE PRIVACIDAD</strong></p>
<p>Última modificación: febrero 2018</p>
<p>Esta política de privacidad se aplica a la web www.santaeulariaculturaijoventut.com</p>
<p>Por favor, léala detenidamente. En ella encontrará información importante sobre el tratamiento de sus datos personales y los derechos que le reconoce la normativa vigente en la materia.<br />Nos reservamos el derecho de actualizar nuestra política de privacidad en cualquier momento con motivo de decisiones empresariales, así como para cumplir con eventuales cambios legislativos o jurisprudenciales. Si tiene dudas o necesita cualquier aclaración respecto a nuestra Política de privacidad o a sus derechos, puede contactar con nosotros a través de los canales que se indican más abajo.<br />Ud. manifiesta que los datos que nos facilite, ahora o en el futuro, son correctos y veraces y se compromete a comunicarnos cualquier modificación de los mismos. En caso de proporcionar datos de carácter personal de terceros, se compromete a obtener el consentimiento previo de los afectados y a informarles acerca del contenido de esta política.<br />De manera general, los campos de nuestros formularios que son señalados como obligatorios, deberán necesariamente ser cumplimentados para poder tramitar sus solicitudes.</p>
<p><strong>1. ¿Quién es el responsable del tratamiento de sus datos?</strong> El responsable del tratamiento de los datos personales recogidos en esta web es:<br />Responsable: AJUNTAMENT DE SANTA EULÀRIA DES RIU<br />Dirección postal: Plaza de España nº 1, 07840 – Santa Eulària des Riu (Illes Balears), España<br />Teléfono: +34 971 33 07 28<br />Email: cultura@santaeularia.com</p>
<p>Contacto Delegado de Protección de Datos:</p>
<p><strong>2. ¿Para qué trataremos sus datos?</strong> Los datos de nuestros usuarios serán tratados para la gestión de la relación con ellos, la atención a sus solicitudes y consultas, la administración y la gestión de la seguridad de la web y el cumplimiento de nuestras obligaciones legales. Dichos datos serán igualmente tratados para fines de analíticas y de mejora de la calidad de nuestros servicios.</p>
<p><strong>3. ¿Cuánto tiempo conservaremos sus datos?</strong> De manera general cancelaremos sus datos cuando hayan dejado de ser necesarios o pertinentes para las finalidades para las cuales fueron recabados, en todo caso, serán conservados durante los plazos previstos en las disposiciones legales aplicables y durante el tiempo necesario para atender a posibles responsabilidades nacidas del tratamiento. Se cancelará la información relacionada con la navegación, una vez finalizada la conexión web y realizadas las eventuales estadísticas.</p>
<p><strong>4. ¿A quién podemos comunicar sus datos?</strong> Sus datos sólo serán comunicados a terceros por obligación legal, con su consentimiento o cuando su petición implique tal comunicación.</p>
<p><strong>5. Base jurídica de los tratamientos.</strong> La base jurídica para el tratamiento de sus datos personales es el correcto desarrollo de funciones públicas, la gestión de la relación con usuarios, el cumplimiento de nuestras obligaciones legales, así como nuestro interés legítimo en gestionar la seguridad y la calidad de la web.</p>
<p><strong>6. ¿Cuáles son sus derechos?</strong> Tiene derecho a obtener confirmación de si estamos tratando o no sus datos personales y, en tal caso, acceder a los mismos. Puede igualmente pedir que sus datos sean rectificados cuando sean inexactos o a que se completen los datos que sean incompletos, así como solicitar su supresión cuando, entre otros motivos, los datos ya no sean necesarios para los fines para los que fueron recogidos.<br />En determinadas circunstancias, podrá solicitar la limitación del tratamiento de sus datos. En tal caso, sólo trataremos los datos afectados para la formulación, el ejercicio o la defensa de reclamaciones o con miras a la protección de los derechos de otras personas. En determinadas condiciones y por motivos relacionados con su situación particular, podrá igualmente oponerse al tratamiento de sus datos. En este caso, dejaremos de tratar los datos salvo por motivos legítimos imperiosos que prevalezcan sobre sus intereses o derechos y libertades, o para la formulación, el ejercicio o la defensa de reclamaciones. Así mismo y bajo ciertas condiciones podrá solicitar la portabilidad de sus datos para que sean transmitidos a otro responsable del tratamiento.</p>
<p>Puede revocar el consentimiento que hubiese prestado para determinadas finalidades, sin que ello afecte a la licitud del tratamiento basado en el consentimiento previo a su retirada, y presentar una reclamación ante la Agencia Española de Protección de Datos.<br />Para ejercer sus derechos deberá remitirnos una solicitud acompañada de una copia de su documento nacional de identidad u otro documento válido que le identifique por correo postal o electrónico a las direcciones indicadas en el apartado ¿Quién es el responsable del tratamiento de sus datos?<br />Podrá obtener más información sobre sus derechos y cómo ejercerlos en la página de la Agencia Española de Protección de Datos en http://www.agpd.es.</p>

<p>POLÍTICA DE PRIVACIDAD Última modificación: febrero 2018 Esta política de privacidad se aplica a la web www.santaeulariaculturaijoventut.com Por favor, léala detenidamente. En ella encontrará información importante sobre el tratamiento de sus datos personales y los derechos que le reconoce la normativa vigente en la materia.Nos reservamos el derecho de actualizar nuestra política de privacidad en&hellip;</p>

<!-- This site is optimized with the Yoast SEO plugin v23.9 - https://yoast.com/wordpress/plugins/seo/ -->
<title>Política de privacitat - Cultura i Joventut, Santa Eulària des Riu</title>
<meta name="robots" content="index, follow, max-snippet:-1, max-image-preview:large, max-video-preview:-1" />
<link rel="canonical" href="https://santaeulariaculturaijoventut.com/ca/politica-de-privacitat/" />
<meta property="og:locale" content="ca_ES" />
<meta property="og:type" content="article" />
<meta property="og:title" content="Política de privacitat - Cultura i Joventut, Santa Eulària des Riu" />
<meta property="og:description" content="POLÍTICA DE PRIVACIDAD Última modificación: febrero 2018 Esta política de privacidad se aplica a la web www.santaeulariaculturaijoventut.com Por favor, léala detenidamente. En ella encontrará información importante sobre el tratamiento de sus datos personales y los derechos que le reconoce la normativa vigente en la materia.Nos reservamos el derecho de actualizar nuestra política de privacidad en&hellip;" />
<meta property="og:url" content="https://santaeulariaculturaijoventut.com/ca/politica-de-privacitat/" />
<meta property="og:site_name" content="Cultura i Joventut, Santa Eulària des Riu" />
<meta property="article:modified_time" content="2020-08-31T15:36:30+00:00" />
<meta name="twitter:card" content="summary_large_image" />
<meta name="twitter:label1" content="Temps estimat de lectura" />
	<meta name="twitter:data1" content="4 minuts" />
<script type="application/ld+json" class="yoast-schema-graph">{"@context":"https://schema.org","@graph":[{"@type":"WebPage","@id":"https://santaeulariaculturaijoventut.com/ca/politica-de-privacitat/","url":"https://santaeulariaculturaijoventut.com/ca/politica-de-privacitat/","name":"Política de privacitat - Cultura i Joventut, Santa Eulària des Riu","isPartOf":{"@id":"https://santaeulariaculturaijoventut.com/ca/#website"},"datePublished":"2020-08-27T08:25:38+00:00","dateModified":"2020-08-31T15:36:30+00:00","breadcrumb":{"@id":"https://santaeulariaculturaijoventut.com/ca/politica-de-privacitat/#breadcrumb"},"inLanguage":"ca","potentialAction":[{"@type":"ReadAction","target":["https://santaeulariaculturaijoventut.com/ca/politica-de-privacitat/"]}]},{"@type":"BreadcrumbList","@id":"https://santaeulariaculturaijoventut.com/ca/politica-de-privacitat/#breadcrumb","itemListElement":[{"@type":"ListItem","position":1,"name":"Inici","item":"https://santaeulariaculturaijoventut.com/ca/escoles-estiu/informacio-escoles-destiu/"},{"@type":"ListItem","position":2,"name":"Política de privacitat"}]},{"@type":"WebSite","@id":"https://santaeulariaculturaijoventut.com/ca/#website","url":"https://santaeulariaculturaijoventut.com/ca/","name":"Cultura i Joventut, Santa Eulària des Riu","description":"Cultura i Joventut, Santa Eulària des Riu","potentialAction":[{"@type":"SearchAction","target":{"@type":"EntryPoint","urlTemplate":"https://santaeulariaculturaijoventut.com/ca/?s={search_term_string}"},"query-input":{"@type":"PropertyValueSpecification","valueRequired":true,"valueName":"search_term_string"}}],"inLanguage":"ca"}]}</script>
<!-- / Yoast SEO plugin. -->

Política de privacitat - Cultura i Joventut, Santa Eulària des Riu

POLÍTICA DE PRIVACIDAD Última modificación: febrero 2018 Esta política de privacidad se aplica a la web www.santaeulariaculturaijoventut.com Por favor, léala detenidamente. En ella encontrará información importante sobre el tratamiento de sus datos personales y los derechos que le reconoce la normativa vigente en la materia.Nos reservamos el derecho de actualizar nuestra política de privacidad en&hellip;

Cultura i Joventut, Santa Eulària des Riu
